{"id":48,"date":"2017-01-25T18:04:02","date_gmt":"2017-01-25T16:04:02","guid":{"rendered":"https:\/\/ktss.sivukierre.fi\/?page_id=48"},"modified":"2017-01-25T23:12:42","modified_gmt":"2017-01-25T21:12:42","slug":"iltakavely-kessissa","status":"publish","type":"page","link":"https:\/\/ktss.sivukierre.fi\/index.php\/iltakavely-kessissa\/","title":{"rendered":"Iltak\u00e4vely Kessiss\u00e4"},"content":{"rendered":"<p>Olipa Korvatunturin Saunaseura p\u00e4\u00e4tt\u00e4nyt katsastaa my\u00f6s Kessin ennen kuin sen kirves raiskaisi lopullisesti. Paatsjoen silta hohti uutuuttaan. H\u00e4din tuskin oli maali kuivunut vapaalla k\u00e4dell\u00e4 tehdyist\u00e4 mielenilmaisuista sillan palkeissa, kun seuran neliveto hurahti niiden yli. Juuri raivattua mets\u00e4tiet\u00e4 keikuttiin niin pitk\u00e4lle kuin sit\u00e4 vain p\u00e4\u00e4si ja siin\u00e4 sitten kahvisteltiin.<\/p>\n<p>Ilta oli viel\u00e4 nuori ja ylen lense\u00e4, joten p\u00e4\u00e4tettiin l\u00e4hte\u00e4 katastamaan j\u00e4rvi ja sen laskuoja, jota pitkin piti loppuviikosta inkkarilla Inarin suunnasta j\u00e4rvelle nousta. Matkaa tientapaiselta j\u00e4rvelle oli tuollaiset pari kilometri\u00e4. Ja mit\u00e4s, menoksi kun oli p\u00e4\u00e4tetty. L\u00e4r\u00e4 kaapaisi matkaan karttalaukun. Totesi sitten menness\u00e4\u00e4n, ett\u00e4 muut saisivat luvan seurata. Ja seurasivathan nuo - aluksi. Noin puolessa matkaa L\u00e4r\u00e4 huikkasi kaartavansa hieman vasemmalle koska n\u00e4kyi rinteess\u00e4 olevan mukavasti tatteja - josko niist\u00e4 vaikka s\u00e4rvint\u00e4 ker\u00e4isi. Juu juu, kuului muu seura sanovan jatkaessaan matkaa kohdej\u00e4rvelle.<\/p>\n<p>Sinne L\u00e4r\u00e4kin suuntasi viitisen minuuttia tatisteltuaan. Kohdej\u00e4rvi l\u00f6ytyi ja sen it\u00e4p\u00e4\u00e4st\u00e4 laskuoja. Hyv\u00e4lt\u00e4 n\u00e4ytti vesitilanne ja pikku raivauksella siit\u00e4 kyll\u00e4 yl\u00f6s tultaisiin. Istukseli ja piiputteli L\u00e4r\u00e4 siin\u00e4 sitten loppuseuraa odotellessaan. Piipullinen paloi eik\u00e4 muita kuulunut. Selv\u00e4 t\u00e4m\u00e4, ovat sitten k\u00e4\u00e4ntyneet takaisin tielle pohdiskeli L\u00e4r\u00e4 ja teki saman tempun.<\/p>\n<p>Tie l\u00f6ytyi ja sen p\u00e4\u00e4st\u00e4 Hiace. Mutta eip\u00e4 n\u00e4kynyt muita. Odotellessaan L\u00e4r\u00e4 keitteli Bl\u00e5 Bandin, jonka arveli juuri kypsyv\u00e4n kun muut saapuvat. Kypsyi se, mutta yksin piti se latikoida. Nyt h\u00e4m\u00e4rsi jo sen verran, ett\u00e4 L\u00e4r\u00e4 t\u00f6r\u00e4ytti auton torvea merkiksi. T\u00f6r\u00e4ytti toisenkin kerran. Sek\u00e4 muisteli muiden varustusta, mutta samapa tuo, ilta oli kovasti l\u00e4mmin.<\/p>\n<p>Pime\u00e4 siin\u00e4 sitten tuli ja aikaakin oli kulunut niin, ett\u00e4 j\u00e4rvireissun olisi tehnyt jo vaikka kolmasti. Alkoi olla varmaa, ett\u00e4 hukassa ovat muut. Maastoy\u00f6pyminen siit\u00e4 tulee ja varsin v\u00e4hin varustein. Sit\u00e4 oli L\u00e4r\u00e4n vaikea uskoa, sill\u00e4 vaikka karttaa ei muilla ollutkaan, olivat tienoon yleislinjat melko selkeit\u00e4. Kaakossa oli tie ja vaikka sen p\u00e4\u00e4n ohi olisi kulkenut, olisi rajavy\u00f6hyke ollut kilometrin p\u00e4\u00e4ss\u00e4 vastassa. Kaikki olivat karttaa etuk\u00e4teen vilkuilleet moneen kertaan. Mutta siell\u00e4p\u00e4 pojat olivat ja y\u00f6n varmaan pysyisiv\u00e4t - lamppuja heill\u00e4 ei ainakaan ollut matkassa, koska ne n\u00e4kyiv\u00e4t olevan rinkoissa.<\/p>\n<p>Viimeisen\u00e4 keinona L\u00e4r\u00e4 ajeli mets\u00e4tien p\u00e4tk\u00e4\u00e4 edes takaisin muutaman kilometrin matkalla ja jokaisen nyppyl\u00e4n p\u00e4\u00e4ll\u00e4 soitteli torvea ja vilkutteli auton lyhtyj\u00e4 mets\u00e4n suuntaan. Tunnin kuluttua luopui L\u00e4r\u00e4 siit\u00e4kin - jos olisivat kuulleet tai n\u00e4hneet, olisivat jo takaisin ehtineet.<\/p>\n<p>Ent\u00e4s sitten? Mit\u00e4 pitik\u00e4\u00e4n tehd\u00e4 jos eksyy? Koska ilma ei ollut paha, p\u00e4\u00e4tti L\u00e4r\u00e4 nukkua y\u00f6n yli ja pist\u00e4\u00e4 ison kellon soimaan aamulla tasan kello kymmenen, elleiv\u00e4t hukkareissulaiset olisi siihen menness\u00e4 palanneet. No, karkulaiset kolistelivat auton ovia aamulla jo kuuden aikaan. Ei kuulemma ollut pitemp\u00e4\u00e4n jaksanut vuoronukkua kynsitulilla. Eiv\u00e4t ehk\u00e4 olleet hyvin nukkuneet nek\u00e4\u00e4n retkel\u00e4iset, jotka olivat parinsadan metrin p\u00e4\u00e4ss\u00e4 tiest\u00e4 er\u00e4\u00e4n lammen rannalla y\u00f6pym\u00e4ss\u00e4 - oli kuulemma joku soitellut autontorvea koko saatanan y\u00f6n...<\/p>\n<p>J\u00e4lkipeli\u00e4 pelattiin kovasti. Ja pelataan viel\u00e4 varmaan harmaap\u00e4isin\u00e4 vaareinakin, sen verran otti eksyminen lujille er\u00e4oppaankin oranssia puseroa kantaneelle seuralaiselle. Yht\u00e4 kaikki, kaikki oppivat jotakin ehdottomasta minimivarustuksesta leirist\u00e4 poistuttaessa. Varustusta ei mitenk\u00e4\u00e4n v\u00e4henn\u00e4 kulkukokemus, hihamerkkien m\u00e4\u00e4r\u00e4 tai tienoon tuttuus, ellei nyt sitten omalla takapihalla olla - mink\u00e4 kokoinen sen kullakin on...<\/p>\n<p>Tuon iltak\u00e4velyn j\u00e4lkeen ei kukaan seuralainen ole kartastaan ja kompassistaan luopunut edes k\u00e4sivarsipaskalla k\u00e4ydess\u00e4\u00e4n, mik\u00e4li leiri ei ole n\u00e4k\u00f6piiriss\u00e4. Ja sen on parempi olla olematta n\u00e4k\u00f6piiriss\u00e4 k\u00e4iv\u00e4r\u00e4\u00e4 v\u00e4\u00e4nt\u00e4ess\u00e4...<\/p>\n","protected":false},"excerpt":{"rendered":"<p>Olipa Korvatunturin Saunaseura p\u00e4\u00e4tt\u00e4nyt katsastaa my\u00f6s Kessin ennen kuin sen kirves raiskaisi lopullisesti. Paatsjoen silta hohti uutuuttaan. H\u00e4din tuskin oli maali kuivunut vapaalla k\u00e4dell\u00e4 tehdyist\u00e4 mielenilmaisuista sillan palkeissa, kun seuran neliveto hurahti niiden yli. Juuri raivattua mets\u00e4tiet\u00e4 keikuttiin niin pitk\u00e4lle kuin sit\u00e4 vain p\u00e4\u00e4si ja siin\u00e4 sitten kahvisteltiin. Ilta oli viel\u00e4 nuori ja ylen lense\u00e4, <a href=\"https:\/\/ktss.sivukierre.fi\/index.php\/iltakavely-kessissa\/\" class=\"more-link\">...jatka lukemista<span class=\"screen-reader-text\"> \"Iltak\u00e4vely Kessiss\u00e4\"<\/span><\/a><\/p>\n","protected":false},"author":1,"featured_media":0,"parent":0,"menu_order":0,"comment_status":"closed","ping_status":"closed","template":"","meta":{"footnotes":""},"class_list":["post-48","page","type-page","status-publish","h-entry","hentry","h-as-page"],"_links":{"self":[{"href":"https:\/\/ktss.sivukierre.fi\/index.php\/wp-json\/wp\/v2\/pages\/48","targetHints":{"allow":["GET"]}}],"collection":[{"href":"https:\/\/ktss.sivukierre.fi\/index.php\/wp-json\/wp\/v2\/pages"}],"about":[{"href":"https:\/\/ktss.sivukierre.fi\/index.php\/wp-json\/wp\/v2\/types\/page"}],"author":[{"embeddable":true,"href":"https:\/\/ktss.sivukierre.fi\/index.php\/wp-json\/wp\/v2\/users\/1"}],"replies":[{"embeddable":true,"href":"https:\/\/ktss.sivukierre.fi\/index.php\/wp-json\/wp\/v2\/comments?post=48"}],"version-history":[{"count":0,"href":"https:\/\/ktss.sivukierre.fi\/index.php\/wp-json\/wp\/v2\/pages\/48\/revisions"}],"wp:attachment":[{"href":"https:\/\/ktss.sivukierre.fi\/index.php\/wp-json\/wp\/v2\/media?parent=48"}],"curies":[{"name":"wp","href":"https:\/\/api.w.org\/{rel}","templated":true}]}}