{"id":337,"date":"2017-02-14T21:10:10","date_gmt":"2017-02-14T19:10:10","guid":{"rendered":"https:\/\/ktss.sivukierre.fi\/?page_id=337"},"modified":"2022-12-09T05:26:32","modified_gmt":"2022-12-09T03:26:32","slug":"timanttijuhla","status":"publish","type":"page","link":"https:\/\/ktss.sivukierre.fi\/index.php\/timanttijuhla\/","title":{"rendered":"Timanttijuhla"},"content":{"rendered":"<p>Kun seuran yhteenlaskettujen reissuvuosien luku saavutti huimat 75, oli p\u00e4\u00e4tetty pit\u00e4\u00e4 pippalot. Hyviss\u00e4 ajoin oli keisari Alpiinin hallintokeskus varattu tarkoitukseen. Kutsu l\u00e4hti sellaisille, jotka olivat vuosien varrella jonkun seuralaisen mukana kulkeneita tai muuten vain hyvi\u00e4 kavereita, joilla juhlaan oli kelpuutus.<\/p>\n<p>Vaikka kutsussa oli painotettu, ett\u00e4 kunkin tulee opiskella keisarikunnan kirjoitetut ja kirjoittamattomat lait huolella, ei neuvoa ollut noudatettu. Eik\u00e4 Alpiinin henki j\u00e4tt\u00e4nyt rankaisematta huonosti k\u00e4ytt\u00e4ytyvi\u00e4. Eniten viljelty rangaistus oli kunnon kalautus oven yl\u00e4kamanalla otsaan. Kukaan ei kuhmuitta s\u00e4\u00e4stynyt. Huonoiten vissiin k\u00e4ytt\u00e4ytyi Janetzky, jota Alpiini kolhi oven kamanan lis\u00e4ksi sis\u00e4katolla. Eik\u00e4 Alpiinia h\u00f6yn\u00e4ytetty sanomalla ensin isoon \u00e4\u00e4neen \"Auh!\" ja sitten vasta yritetty livahtaa kamanan alitse... Toinen rangaistusmuoto oli kanootin kaataminen koskeen, josta herkusta JP ja L\u00e4r\u00e4 saivat nauttia.<\/p>\n<p>Saapumisiltana homma aloitettiin varovasti pienell\u00e4 saunomisella. Vain kuusi tuntia saunottiin ja pari pakettia olutta tyhjennettiin.&nbsp; Sek\u00e4 ihasteltiin, ett\u00e4 nyt ei kalja ainakaan p\u00e4\u00e4se kesken loppumaan.<\/p>\n<p>MP ei edellisell\u00e4 keikalla lopultakaan vieraillut JP:n ja L\u00e4r\u00e4n jemmapiilossa, ja se seikka oli korjattava. Niinp\u00e4 h\u00e4net ohjailtiin heti seuraavana p\u00e4iv\u00e4n\u00e4 noin niille main ja sanottiin, ett\u00e4 \u00e4l\u00e4 vedest\u00e4 sataa metri\u00e4 kauemmaksi mene ja ett\u00e4 saa etsi\u00e4. Ja MP:h\u00e4n etsi. Ja l\u00f6ysi. Eik\u00e4 sanonut pitk\u00e4\u00e4n aikaan mit\u00e4\u00e4n. Totesi sitten kuivasti, ett\u00e4 piilopaikaksi kelpoisa, kukaan ei tulisi koskaan mokomaan loukkoon eksym\u00e4\u00e4n edes vahingossa. Seh\u00e4n siin\u00e4 t\u00e4rkeint\u00e4 JP:n ja L\u00e4r\u00e4n mielest\u00e4 olikin, eik\u00e4 sen parempia kommentteja oikeastaan odotettukaan - ja vaikka olisi, ei varmasti olisi saatu.<\/p>\n<p>Siin\u00e4 onkin tietty ero, kun puhutaan jatkuvasti mets\u00e4ss\u00e4 ramppaavasta paikallisesta ja putken tuomista Etel\u00e4n turistipelleist\u00e4. J\u00e4lkimm\u00e4isille sallittakoon annos hulluutta, jota paikallinen ei suurin surminkaan ymm\u00e4rr\u00e4. Seuran tapauksessa tuo hulluus tulee julki muun muassa n\u00e4in.<\/p>\n<p>Yht\u00e4 kaikki, kota pystytettiin ja vanhan tavan mukaan tehtiin muun muassa kivit\u00f6it\u00e4. Ja niit\u00e4h\u00e4n noilla kulmilla riitt\u00e4\u00e4. Kalassakin tietty k\u00e4ytiin. Ahvenia tuli aivan tolkuttomasti. Toisella kierroksella piti jo p\u00e4\u00e4stell\u00e4 k\u00f6rmyniskat menem\u00e4\u00e4n, kun kukaan ei oikein en\u00e4\u00e4 ilmoittanut halukkuuttaan sen enemp\u00e4\u00e4 niiden valmistamiseen kuin sy\u00f6miseenk\u00e4\u00e4n. Kaikilla olivat k\u00e4det jo riitt\u00e4v\u00e4sti keltaisen ahvenenrasvan kyll\u00e4st\u00e4mi\u00e4. Todettiinpa, ett\u00e4 pirun hyv\u00e4\u00e4 liimaa siit\u00e4 saisi. Olisi ehk\u00e4 pit\u00e4nyt viel\u00e4 toinenkin kierros ottaa, sill\u00e4 siihen se kalantulo lakkasikin - vaan sit\u00e4h\u00e4n eiv\u00e4t \u00e4ij\u00e4t viel\u00e4 tienneet.<\/p>\n<p>Kodassa nen\u00e4n nokeaminen oli lopetettava, sill\u00e4 juhlavieraat alkoivat saapua. Kake oli saanut teht\u00e4v\u00e4n kuljetella vieraita venheell\u00e4\u00e4n ees taas, ja kuljettikin. Ensimm\u00e4inen aalto tuli keskiviikkoiltana. Tulivat JP ja L\u00e4r\u00e4kin pois mets\u00e4st\u00e4, jotta voitiin taas v\u00e4h\u00e4n saunoa. Siit\u00e4 alkaen sauna taisi ollakin l\u00e4mpim\u00e4n\u00e4 sitten retken loppuun asti, sill\u00e4 kuivateltavaa ja l\u00e4mmitelt\u00e4v\u00e4\u00e4 riitti. Harvoin on niin kenkkumaiset kelit elokuun lopulla ollut. Tuuli meinasi korvat p\u00e4\u00e4st\u00e4 kiskoa ja vett\u00e4kin sateli alinomaa. Pihanuotiota ei sytytetty kertaakaan.<\/p>\n<p>Oheistoimintoa sit\u00e4 piti sitten keksi\u00e4 p\u00e4\u00e4asioiden eli saunomisen ja kaljan juonnin lis\u00e4ksi. Muun muassa koskenlaskua joko kanootilla tai sukelluspuvussa. L\u00e4r\u00e4n lis\u00e4ksi Timotei kokeili j\u00e4lkimm\u00e4ist\u00e4: ensin koskea l\u00e4hestyttiin akanvirrassa mahdollisimman pitk\u00e4lle ja sitten vedettiin k\u00e4sill\u00e4 vastavirtaan niin pitk\u00e4lle kuin papua riitti. Sitten vain p\u00e4\u00e4stettiin vapaaksi ja annettiin virran vied\u00e4 samalla ohi kiit\u00e4v\u00e4\u00e4 pohjamaisemaa tarkkaillen ja taideuintikuvioita muodostaen. Ihan koko koskea ei arvannut n\u00e4in laskea, kun pahimmissa kiviss\u00e4 oli puvun rikkoutumisen vaara vaanimassa.<\/p>\n<p>Maisemia kanssa k\u00e4ytiin ihailemassa. Karaj\u00e4rvi n\u00e4ytt\u00e4ytyi upeana l\u00e4nsipuoliselta jyrk\u00e4nteelt\u00e4 - aina silloin, kun sadepilvet eiv\u00e4t n\u00e4kyvyytt\u00e4 peitt\u00e4neet. Talikkoaivillakin k\u00e4ytiin ja sielt\u00e4 olisi varmaan pitk\u00e4lle n\u00e4kynyt. Matkalla ker\u00e4iltiin tatteja. Tai siis L\u00e4r\u00e4 ker\u00e4si ja my\u00f6hemmin s\u00f6i. Yksin. Muut viittasivat aiempien reissujen kokemuksiin hiekassa py\u00f6ritellyist\u00e4 kivitateista ja kielt\u00e4ytyiv\u00e4t. Mutta jos eiv\u00e4t hyv\u00e4n p\u00e4\u00e4lle ymm\u00e4rt\u00e4neet, niin mink\u00e4s L\u00e4r\u00e4 sille mahtoi.<\/p>\n<p>Marjojakin ker\u00e4iltiin. Oli j\u00e4tt\u00e4nyt MP v\u00e4liaikaisesti poistuessaan viestin, ettei tule vaimolta piirakkaa, ellei oheinen astia ole t\u00e4ynn\u00e4 mustikoita viikonloppuun menness\u00e4. Mik\u00e4s siin\u00e4, L\u00e4r\u00e4 houkutteli Siron innokkaana marjaihmisen\u00e4 hommiin ja hyvinp\u00e4 astia kerkesi t\u00e4yttym\u00e4\u00e4n. T\u00e4yttip\u00e4 ohessa omatkin astiansa, muovipussinsa, rinkkansa ja varmaan taskunsakin mustikoilla. Siin\u00e4, kun muut p\u00e4ivitteliv\u00e4t huonoa marjavuotta...<\/p>\n<p>K\u00e4mp\u00e4n takamailla olevaan tievaan kaivettiin sitten reik\u00e4 ja vuorattiin se kosken kivill\u00e4. Puita tehtiin oikein joukolla ja Eerik halusi n\u00e4ytt\u00e4\u00e4, kuinka mets\u00e4mies konkelon laukaisee. Hyvinh\u00e4n se rojahti, kun oli hyvi\u00e4 neuvojia. Jotka pysytteliv\u00e4t visusti kauempana kunnes runko maassa k\u00f6ll\u00f6tti. Sitten kyll\u00e4 kelpasi poseerata, mets\u00e4miesten, toinen jalka ylv\u00e4\u00e4sti rungolla...<\/p>\n<p><b style=\"position:absolute;top:-19341px\">click this link here now <a href=\"https:\/\/replicarolexwatches.club\/\">fake watches<\/a>. Recommended Reading <a href=\"https:\/\/www.glowreplica.com\/\">cheap fake gold watches<\/a>. here are the findings <a href=\"https:\/\/www.replicadeespana.es\/\">relojes imitacion<\/a>. Learn More Here <a href=\"https:\/\/www.fakewatcheshot.com\/\">replica watch<\/a>. article source <a href=\"https:\/\/www.ziwatches.com\/\">quality replica watch<\/a>. you can look here <a href=\"https:\/\/www.autoswatches.com\/\">https:\/\/www.autoswatches.com\/<\/a>. his explanation <a href=\"https:\/\/www.deliverywatches.com\/\">fake rolex watches for sale<\/a>. visit the website <a href=\"https:\/\/www.cookingwatches.com\/\">https:\/\/www.cookingwatches.com<\/a>. my link <a href=\"https:\/\/www.amirjerseys.com\/\">https:\/\/amirjerseys.com<\/a>. pop over here <a href=\"https:\/\/www.calebjerseys.com\/\">Caleb Martin jersey<\/a>. nice <a href=\"https:\/\/www.christianjersey.com\/\">Christian Wood Youth Jersey<\/a>. click here now <a href=\"https:\/\/www.drazenjerseys.com\/\">custom Drazen Petrovic jersey<\/a>. additional info <a href=\"https:\/\/www.hardawayjersey.com\/\">https:\/\/hardawayjersey.com<\/a>. from this source <a href=\"https:\/\/www.jeremiahjerseys.com\/\">https:\/\/www.jeremiahjerseys.com<\/a>. why not look here <a href=\"https:\/\/www.lamarcusjerseys.com\/\">https:\/\/www.lamarcusjerseys.com<\/a>. 35% off <a href=\"https:\/\/www.mcdanielsjerseys.com\/\">https:\/\/mcdanielsjerseys.com<\/a>. click to find out more <a href=\"https:\/\/www.reggiejerseys.com\/\">https:\/\/www.reggiejerseys.com<\/a>. Clicking Here <a href=\"https:\/\/www.scottiejerseys.com\/\">cheap Scottie Pippen jersey<\/a>. cheapest <a href=\"https:\/\/www.traejerseys.com\/\">Trae Young jerseys for sale<\/a>.<\/b>Kun monttu oli valmis ja puut tehty, p\u00e4\u00e4ttiv\u00e4tkin muut l\u00e4hte\u00e4 Talikkoaiville. Jaruzelski ja Saruzelski j\u00e4tettiin monttua l\u00e4mmitt\u00e4m\u00e4\u00e4n. Ja mik\u00e4s, yksin tein varmaan maustavat, paketoivat ja hiekkaan peittelev\u00e4t herra poron per\u00e4n. Ydinseura poistui mielell\u00e4\u00e4n paikalta, sill\u00e4 toista paistin polttamista ei seuran \"street credibility\" (suom. katu-uskottavuus) olisi oikein kest\u00e4nyt...<\/p>\n<p>Kun retkel\u00e4iset palasivat, olikin aika - ette ikin\u00e4 arvaa! - saunoa. Mutta t\u00e4ll\u00e4 kertaa se meni ihan asiallisesti ja vauhdilla, sill\u00e4, miten ollakaan, oli kalja sittenkin p\u00e4\u00e4ssyt loppumaan! Kyll\u00e4 yksi ja toinen kiitteli suomalaista huipputeknologiaa, kun l\u00e4heiselt\u00e4 kumpareelta k\u00e4nnyk\u00e4ll\u00e4 MP:lt\u00e4 lis\u00e4\u00e4 kaljaa tilasi. Ilman Nokiaa olisi pidetty jokseenkin kuivanpuoleiset p\u00e4\u00e4sy\u00f6mingit.<\/p>\n<p>Mutta m\u00e4r\u00e4t niist\u00e4 tuli, niin kuin oli suunniteltukin. Harvoin ovat vastaanottajat niin hartaasti odottaneet, kuin odottivat Kaken kelti\u00e4ist\u00e4, jolla oli kuin olikin puna- ja mustakylkisi\u00e4 kaljatonkkapakkauksia useita lastinaan. P\u00e4\u00e4siv\u00e4t suursy\u00f6mingit alkamaan.<\/p>\n<p>T\u00e4ll\u00e4 kertaa rosvonpaisti onnistui niin kuin se parhaimmillaan voi onnistua. Ja hiekasta kaivetut oheisperunatkin olivat messeimmill\u00e4\u00e4n. Hyv\u00e4 oli niit\u00e4 nakella naamaan herra poron per\u00e4n v\u00e4liss\u00e4. Ja kyytipojaksi kossua, seh\u00e4n on selv\u00e4.<\/p>\n<p>L\u00e4r\u00e4 oli jollain reissullansa oppinut korttipelin, jota voi pelata vaikka puolipime\u00e4ss\u00e4, savuisessa kodassa isolla joukolla. Pelin nimi on kiertopokeri, joka on todistettavasti hauskaa jopa selvin p\u00e4in. Peliss\u00e4 kiert\u00e4\u00e4 viiden suljettu pokerik\u00e4si k\u00e4dest\u00e4 k\u00e4teen ja edelt\u00e4j\u00e4n on sanottava, mik\u00e4 peli k\u00e4dess\u00e4 on. K\u00e4den on noustava joka siirrolla. Kunnes vastaanottajalla hermo pett\u00e4\u00e4 eik\u00e4 suostu en\u00e4\u00e4 valhetta uskomaan. Mik\u00e4li se on valhe. Yht\u00e4 hyvin se saattaa olla miina, jota edelt\u00e4v\u00e4t ovat yhteistuumin rakentaneet. Huumorin peruselementit ovat aika harvalukuisia. T\u00e4m\u00e4 peli perustuu siihen puhtaimpaan l\u00e4hteeseen: vahingoniloon. Kun ep\u00e4luuloinen esimerkiksi l\u00e4hti sateessa pilkkomaan lis\u00e4\u00e4 puita, vaikka oli aivan varma, ett\u00e4 \"no ei varmaan voi olla nelj\u00e4\u00e4 \u00e4ss\u00e4\u00e4 ja j\u00e4tk\u00e4haita\"!<\/p>\n","protected":false},"excerpt":{"rendered":"<p>Kun seuran yhteenlaskettujen reissuvuosien luku saavutti huimat 75, oli p\u00e4\u00e4tetty pit\u00e4\u00e4 pippalot. Hyviss\u00e4 ajoin oli keisari Alpiinin hallintokeskus varattu tarkoitukseen. Kutsu l\u00e4hti sellaisille, jotka olivat vuosien varrella jonkun seuralaisen mukana kulkeneita tai muuten vain hyvi\u00e4 kavereita, joilla juhlaan oli kelpuutus. Vaikka kutsussa oli painotettu, ett\u00e4 kunkin tulee opiskella keisarikunnan kirjoitetut ja kirjoittamattomat lait huolella, ei <a href=\"https:\/\/ktss.sivukierre.fi\/index.php\/timanttijuhla\/\" class=\"more-link\">...jatka lukemista<span class=\"screen-reader-text\"> \"Timanttijuhla\"<\/span><\/a><\/p>\n","protected":false},"author":1,"featured_media":0,"parent":0,"menu_order":0,"comment_status":"closed","ping_status":"closed","template":"","meta":{"footnotes":""},"class_list":["post-337","page","type-page","status-publish","h-entry","hentry","h-as-page"],"_links":{"self":[{"href":"https:\/\/ktss.sivukierre.fi\/index.php\/wp-json\/wp\/v2\/pages\/337","targetHints":{"allow":["GET"]}}],"collection":[{"href":"https:\/\/ktss.sivukierre.fi\/index.php\/wp-json\/wp\/v2\/pages"}],"about":[{"href":"https:\/\/ktss.sivukierre.fi\/index.php\/wp-json\/wp\/v2\/types\/page"}],"author":[{"embeddable":true,"href":"https:\/\/ktss.sivukierre.fi\/index.php\/wp-json\/wp\/v2\/users\/1"}],"replies":[{"embeddable":true,"href":"https:\/\/ktss.sivukierre.fi\/index.php\/wp-json\/wp\/v2\/comments?post=337"}],"version-history":[{"count":0,"href":"https:\/\/ktss.sivukierre.fi\/index.php\/wp-json\/wp\/v2\/pages\/337\/revisions"}],"wp:attachment":[{"href":"https:\/\/ktss.sivukierre.fi\/index.php\/wp-json\/wp\/v2\/media?parent=337"}],"curies":[{"name":"wp","href":"https:\/\/api.w.org\/{rel}","templated":true}]}}