{"id":327,"date":"2017-02-14T20:08:09","date_gmt":"2017-02-14T18:08:09","guid":{"rendered":"https:\/\/ktss.sivukierre.fi\/?page_id=327"},"modified":"2017-02-14T20:08:09","modified_gmt":"2017-02-14T18:08:09","slug":"leiri-on-varastettu","status":"publish","type":"page","link":"https:\/\/ktss.sivukierre.fi\/index.php\/leiri-on-varastettu\/","title":{"rendered":"Leiri on varastettu"},"content":{"rendered":"<p>Olipa MP hankkinut veneen ja vakuutteli loppuseuralle, ett\u00e4 sen parempaa paikkaa ei olekaan kuin Iij\u00e4rvi. P\u00e4\u00e4tettiin sitten l\u00e4hte\u00e4 se joukolla tarkistamaan. Kanootit laskettiin vesille Iij\u00e4rven lounaisrannalla ja matka alkoi loistavassa, syyskuisessa auringonpaisteessa. Pari p\u00e4iv\u00e4\u00e4 sitten meloskeltiin pitkin poikin Iij\u00e4rve\u00e4 ja MP yritti n\u00e4ytt\u00e4\u00e4 kalamiehen taitonsa. Ja n\u00e4yttikin. Harrissa pysyttiin.<\/p>\n<p>Toiseksi y\u00f6ksi oli joukon m\u00e4\u00e4r\u00e4 leiriyty\u00e4 Iij\u00e4rven ja Pautuj\u00e4rven v\u00e4liselle kannakselle, Iij\u00e4rven rantaan. Iltap\u00e4iv\u00e4ll\u00e4 kota pystytettiin ja ruvettiin leiriksi. MP:t\u00e4kin onnisti lopulta - reilu kaksikiloinen j\u00e4rvitaimen sai pojan naaman loistamaan kuin lapsen pylly. Illemmalla tiedusteli seurue l\u00e4hes kaksikilometrisen kannaksen Pautuj\u00e4rvelle ja totesi, ett\u00e4 vetel\u00e4hk\u00f6\u00e4 suota siit\u00e4 suurin osa on. Samalla kuljetettiin yksikk\u00f6 valmiiksi suon yli. Ei vaikuttanut kummoiseltakaan tempulta vet\u00e4\u00e4 inkkari ja kamat suota pitkin kannaksen yli. Kodalle paluun j\u00e4lkeen laitettiin tulet, loimuteltiin taimen sek\u00e4 sy\u00f6tiin se makoisiin suihin. Sitten ruvettiin juopottelemaan seuran suosikkijuomaa, rommia ja teet\u00e4. Rattoistasti aika kuluikin, kunnes MP huomasi jossain vaiheessa, ettei \u00e4skeinen kalaonni varmaankaan viel\u00e4 loppunut ja niinp\u00e4 h\u00e4n nappasi narrauskeppins\u00e4 ja h\u00e4visi rannan suuntaan.<\/p>\n<p>Siin\u00e4 JP ja L\u00e4r\u00e4 hetken tuumiskelivat, josko nukkumaan pit\u00e4isi k\u00e4yd\u00e4. Vaan p\u00e4r\u00e4hti jommankumman p\u00e4\u00e4h\u00e4n, ett\u00e4 nyt tehd\u00e4\u00e4nkin jekkula. Toisellakin oli sen verran h\u00f6yry\u00e4 p\u00e4\u00e4ss\u00e4, ett\u00e4 oli heti juonessa mukana. Niinp\u00e4 kota kaadettiin pikavauhdilla, kamppeet survottiin rinkkoihin ja kaikki roina heitettiin inkkariin. Yksi tyhj\u00e4 tynnyri j\u00e4tettiin. Ja sitten sankarimme alkoivat kiskoa ja ty\u00f6nt\u00e4\u00e4 inkkaria yl\u00f6s rantarinnett\u00e4 ja edelleen suolle. Suolla sitten mentiin, niin ett\u00e4 ruta roiskui. Kanootti luisti m\u00e4r\u00e4ss\u00e4 hetteik\u00f6ss\u00e4 kohtuu mukavasti ja kiirett\u00e4 yritettiin pit\u00e4\u00e4 ennen kuin MP leiripaikalle palaisi. Menoa siivitti hykerrytt\u00e4v\u00e4 ajatus MP:n naamanliikkeist\u00e4, kun h\u00e4n olemattomaan leiriin palaisi.<\/p>\n<p>L\u00e4hes oli vetopartio jo suon reunassa, kun vastalaidalla n\u00e4kyi illan viimeist\u00e4 kajoa vasten tynnyri\u00e4 kantava hahmo. Pautuj\u00e4rven rannassa veto pys\u00e4htyi. Juhdat nappasivat makuupussinsa ja heitt\u00e4ytyiv\u00e4t pajukkoon niine hyvineen hyvin ansaittuun lepoon. Kumpikin taisi olla jo unten mailla, kun MP saapui paikalle. V\u00e4h\u00e4n odottelivat tempun tekij\u00e4t aamulla MP:lt\u00e4 positiivista kommenttia, mutta nojoota kummempaa ei irronnut. Mutta samapa tuo, L\u00e4r\u00e4ll\u00e4 ja JP:ll\u00e4 ainakin oli lysti\u00e4...<\/p>\n","protected":false},"excerpt":{"rendered":"<p>Olipa MP hankkinut veneen ja vakuutteli loppuseuralle, ett\u00e4 sen parempaa paikkaa ei olekaan kuin Iij\u00e4rvi. P\u00e4\u00e4tettiin sitten l\u00e4hte\u00e4 se joukolla tarkistamaan. Kanootit laskettiin vesille Iij\u00e4rven lounaisrannalla ja matka alkoi loistavassa, syyskuisessa auringonpaisteessa. Pari p\u00e4iv\u00e4\u00e4 sitten meloskeltiin pitkin poikin Iij\u00e4rve\u00e4 ja MP yritti n\u00e4ytt\u00e4\u00e4 kalamiehen taitonsa. Ja n\u00e4yttikin. Harrissa pysyttiin. Toiseksi y\u00f6ksi oli joukon m\u00e4\u00e4r\u00e4 leiriyty\u00e4 <a href=\"https:\/\/ktss.sivukierre.fi\/index.php\/leiri-on-varastettu\/\" class=\"more-link\">...jatka lukemista<span class=\"screen-reader-text\"> \"Leiri on varastettu\"<\/span><\/a><\/p>\n","protected":false},"author":1,"featured_media":0,"parent":0,"menu_order":0,"comment_status":"closed","ping_status":"closed","template":"","meta":{"footnotes":""},"class_list":["post-327","page","type-page","status-publish","h-entry","hentry","h-as-page"],"_links":{"self":[{"href":"https:\/\/ktss.sivukierre.fi\/index.php\/wp-json\/wp\/v2\/pages\/327","targetHints":{"allow":["GET"]}}],"collection":[{"href":"https:\/\/ktss.sivukierre.fi\/index.php\/wp-json\/wp\/v2\/pages"}],"about":[{"href":"https:\/\/ktss.sivukierre.fi\/index.php\/wp-json\/wp\/v2\/types\/page"}],"author":[{"embeddable":true,"href":"https:\/\/ktss.sivukierre.fi\/index.php\/wp-json\/wp\/v2\/users\/1"}],"replies":[{"embeddable":true,"href":"https:\/\/ktss.sivukierre.fi\/index.php\/wp-json\/wp\/v2\/comments?post=327"}],"version-history":[{"count":0,"href":"https:\/\/ktss.sivukierre.fi\/index.php\/wp-json\/wp\/v2\/pages\/327\/revisions"}],"wp:attachment":[{"href":"https:\/\/ktss.sivukierre.fi\/index.php\/wp-json\/wp\/v2\/media?parent=327"}],"curies":[{"name":"wp","href":"https:\/\/api.w.org\/{rel}","templated":true}]}}