{"id":315,"date":"2017-02-14T19:44:09","date_gmt":"2017-02-14T17:44:09","guid":{"rendered":"https:\/\/ktss.sivukierre.fi\/?page_id=315"},"modified":"2017-02-14T19:50:46","modified_gmt":"2017-02-14T17:50:46","slug":"pyhiinvaellusmatka","status":"publish","type":"page","link":"https:\/\/ktss.sivukierre.fi\/index.php\/pyhiinvaellusmatka\/","title":{"rendered":"Pyhiinvaellusmatka"},"content":{"rendered":"<p>Monasti oli Korvatunturin Saunaseura Lapissa temunnut, mutta nimikkotunturia ei viel\u00e4 n\u00e4hnyt. Niinp\u00e4 t\u00e4t\u00e4 puutetta l\u00e4hdettiin korjaamaan kerran lokakuussa. Nelivedolla hurautettiin Kemihaaran jo k\u00e4yt\u00f6st\u00e4 poistetulle rajavartioasemalle. Hiljainen oli talo, ja komea. Kemihaara huilasi jo vahvana virtana siin\u00e4 kohden. Arvelivat, L\u00e4r\u00e4 ja JP, ettei talo kauaa k\u00e4ytt\u00e4m\u00e4tt\u00f6m\u00e4n\u00e4 olisi. Niin kuin ei sitten ollutkaan - mets\u00e4stysretki\u00e4 j\u00e4rjest\u00e4v\u00e4 yritys sen vuokrasi. Sittemmin asema on saanut suojiinsa ymp\u00e4rivuotisen asutuksen, kun Peltoniemen v\u00e4ki perusti retkikeskuksen sinne.<\/p>\n<p>Aamuviidelt\u00e4 l\u00e4htiv\u00e4t pojat suuntana it\u00e4. Tavoite oli Paadesjoen latvat, aivan rajavy\u00f6hykkeen tuntumassa Korvatunturin juurella. Tarkemmin sanottuna L\u00e4r\u00e4n ikivanhassa topossa oleva kuivamustekyn\u00e4t\u00e4pp\u00e4, jonka er\u00e4s Muotkan Majalla tavattu paikallisopas oli vuosia aiemmin karttaan t\u00f6k\u00e4nnyt: salak\u00e4mpp\u00e4! Sit\u00e4 pojat mieless\u00e4\u00e4n hehkuttivat tallatessaan Naltiohaaran vartta.<\/p>\n<p>Kolsankivikkomurustalla kiinnitti jo et\u00e4\u00e4lt\u00e4 huomiota punainen mik\u00e4 lienee murustan rinteess\u00e4. Mutka oli teht\u00e4v\u00e4 ja tarkistettava. L\u00e4hemm\u00e4ksi tultaessa n\u00e4ytti silt\u00e4, kuin jotain roikkuisi puussa. Ei kait vain joku ollut vet\u00e4nyt itse\u00e4\u00e4n kiikkuun? Ei sent\u00e4\u00e4n, mutta joku oli kyll\u00e4 vet\u00e4nyt hirven kiikkuun - jumankekka, 150 kiloa lihaa roikkui puussa hopeanv\u00e4riseen suojakankaaseen k\u00e4\u00e4rittyn\u00e4! Joku oli ottanut hieman ennakkoa mets\u00e4styskauden avauksessa. Niinp\u00e4 pojat p\u00e4\u00e4ttiv\u00e4t jonkin verran kevent\u00e4\u00e4 noutajan lastia ja silpaisivat aimo kimpaleen parhaasta paikasta.<\/p>\n<p>Kello alkoi olla jo hyv\u00e4n aikaa, kun kaverukset l\u00e4hestyiv\u00e4t kohdealuetta ja Korvatunturin rujon n\u00e4k\u00f6inen huippu ilmestyi n\u00e4kyviin. Sille piti heti uhrata Jamesonia pitk\u00e4 siivu ja pit\u00e4\u00e4 puhe. Erinomaisen harmillista on, ett\u00e4 tunturi on vy\u00f6hykkeell\u00e4 eik\u00e4 sinne tohdi luvatta menn\u00e4 (tai sit\u00e4 ei ainakaan kirjallisesti tunnusteta). Varsinkin kun kuului naapurin puolelta pitki\u00e4 konetuliaseen sarjoja - liek\u00f6 siell\u00e4 jo met\u00e4stysaika alkanut vai tarkkuuttiko Joulupukki serbilasten lahjakalasnikoveja... Salak\u00e4mp\u00e4n etsint\u00e4toimet k\u00e4ynnistettiin. Ja lopetettiin tunnin kuluttua tuloksettomina. Ehk\u00e4p\u00e4 opas oli puhunut puppua l\u00e4mpimikseen... Hieman tuntui v\u00e4sytt\u00e4v\u00e4n ja molemmilla oli Topi-saappaat peliss\u00e4. Liek\u00f6 niill\u00e4 murustan kivikoissa muljuttelu sen verran oudoksuttanut, mutta molemmilla olivat pohkeet tosi hellin\u00e4 aamulla.<\/p>\n<p>Muutamien p\u00e4ivien p\u00e4\u00e4st\u00e4 l\u00f6ysiv\u00e4t pyhiinvaeltajamme itsens\u00e4 Luiroj\u00e4rvelt\u00e4. Lokakuun puoliv\u00e4li l\u00e4hestyi ja ilmassa oli jo lumijuhlan enteit\u00e4. Ilma oli pakkasen puolella ja taivaalla painelivat mustanpuhuvat pilvet. Tyhj\u00e4 oli ja autio Luiroj\u00e4rven camping. Sauna pantiin kypsym\u00e4\u00e4n ja pikkuk\u00e4mp\u00e4lt\u00e4 tulikin yll\u00e4tt\u00e4en pari saksalaista kyselem\u00e4\u00e4n kylpyvuoroa. Ja ihmettelem\u00e4\u00e4n, ett\u00e4 miss\u00e4 kaikki oikein ovat - he kun olivat saaneet ev\u00e4styksen, ett\u00e4 UKK-puisto on Suomen suosituin er\u00e4retkeilykohde ja eritoten Luiroj\u00e4rvi on sen huipentuma.<\/p>\n<p>Tottahan se onkin, my\u00f6nteliv\u00e4t toiset, mutta totta on my\u00f6s, ett\u00e4 lumi tulee n\u00e4ill\u00e4 haminoin hyvin s\u00e4\u00e4nn\u00f6llisesti ja se p\u00e4iv\u00e4 on huomenna: kaikki retkeilij\u00e4t sen tiet\u00e4v\u00e4t ja siksi ovat vet\u00e4ytyneet hyviss\u00e4 ajoin tien varteen. Ainoastaan n\u00e4m\u00e4 kaksi humanteria olivat asiasta tiet\u00e4m\u00e4tt\u00f6mi\u00e4. Palattuaan heid\u00e4n olisi ehk\u00e4 syyt\u00e4 k\u00e4\u00e4nty\u00e4 matkatoimiston puoleen, jotta se osaisi informoida muita UKK-puistoon aikovia.<\/p>\n<p>Ja totta viek\u00f6\u00f6n: y\u00f6ll\u00e4 puhkesi sen siunaama myr\u00e4kk\u00e4 ja aamulla peitti <a href=\"\/images\/Pyhiinvaellus\/index.html\" target=\"_blank\">valkea vaippa mets\u00e4n<\/a>. Kontrasti j\u00e4rven mustaan veteen oli huikea! Saksalaiset aamulla ihmettelem\u00e4\u00e4n suomalaisen s\u00e4\u00e4n s\u00e4\u00e4nn\u00f6llisyytt\u00e4 ja ennustusten osuvuutta. Mit\u00e4s, t\u00e4\u00e4ll\u00e4h\u00e4n me asumme viel\u00e4 niin l\u00e4hell\u00e4 luontoa, ett\u00e4 jokainen osaa sen merkkej\u00e4 lukea, vakuuttelivat profeettamme ulkomaalaisille...<\/p>\n<p>Oli sivumennen sanoen MP kera nuorikkonsa tulossa etel\u00e4st\u00e4 ja oli sovittu, ett\u00e4 hakevat seuran nelivedon pois Kemihaarasta ja kuljettavat sen perille Saarisel\u00e4lle. Alempana lunta tuli kahta kauheammin, puolisen metri\u00e4, ja juuri parahiksi autonhakureissulle. Laskeskelivat my\u00f6hemmin, ett\u00e4 ylim\u00e4\u00e4r\u00e4inen autonhakulenkki nelostielt\u00e4 ja takaisin otti 17 tuntia ja koko ajan kieli keskell\u00e4 suuta, umpilumessa puskien. Onneksi sattuivat molemmat kiesit olemaan nelivetoja!<\/p>\n<p>Matka jatkui liukastelun ja kahlauksen merkeiss\u00e4 Luirolta Tuiskulle ja sielt\u00e4 seuraavana p\u00e4iv\u00e4n\u00e4 Tuiskukurun laitaa Suomun varteen ja siit\u00e4 Rautulammelle. Tai ainakin melkein: Hikiojan varressa alkoi JP vet\u00e4\u00e4 vasenta takajalkaansa siihen malliin, ett\u00e4 peli puhallettiin poikki ennen kuin pime\u00e4 kokonaan yll\u00e4tti. Pistettiin my\u00f6s poikki muutamia sopivia keloja eik\u00e4 tunnettu ollenkaan huonoa omaatuntoa. Korvatunturin Saunaseuran virallinen kanta UKK-puiston puunpolttamiss\u00e4\u00e4nt\u00f6ihin on n\u00e4et, ett\u00e4 kun hyv\u00e4ll\u00e4 tahdolla etenee muttei k\u00e4mp\u00e4lle kerki\u00e4 ja keli on kenkkumainen, saa kelon kaataa jos maapuuta ei pime\u00e4ss\u00e4 lumen alta l\u00f6ydy. N\u00e4in seura on tehnyt ja tekee, sanoopa puistohallinto sit\u00e4 eli t\u00e4t\u00e4.<\/p>\n<p>Viimeisen\u00e4 reissup\u00e4iv\u00e4n\u00e4 olikin sitten huikaisevan kaunis auringonpaisteen ja ensilumen yhdistelm\u00e4! Molemmat retkel\u00e4iset totesivat, ett\u00e4 kyll\u00e4 oli kumikeng\u00e4ll\u00e4 ollut tiet\u00e4mist\u00e4. JP:lt\u00e4 h\u00f6yl\u00e4ttiin Meindelit heti perille p\u00e4\u00e4sty\u00e4 eik\u00e4 kumisaapasta ole sen j\u00e4lkeen Korvatunturin Saunaseuran reissuilla sallittu kuin varajalkineena ja pituusheiton peliv\u00e4lineen\u00e4.<\/p>\n","protected":false},"excerpt":{"rendered":"<p>Monasti oli Korvatunturin Saunaseura Lapissa temunnut, mutta nimikkotunturia ei viel\u00e4 n\u00e4hnyt. Niinp\u00e4 t\u00e4t\u00e4 puutetta l\u00e4hdettiin korjaamaan kerran lokakuussa. Nelivedolla hurautettiin Kemihaaran jo k\u00e4yt\u00f6st\u00e4 poistetulle rajavartioasemalle. Hiljainen oli talo, ja komea. Kemihaara huilasi jo vahvana virtana siin\u00e4 kohden. Arvelivat, L\u00e4r\u00e4 ja JP, ettei talo kauaa k\u00e4ytt\u00e4m\u00e4tt\u00f6m\u00e4n\u00e4 olisi. Niin kuin ei sitten ollutkaan - mets\u00e4stysretki\u00e4 j\u00e4rjest\u00e4v\u00e4 yritys <a href=\"https:\/\/ktss.sivukierre.fi\/index.php\/pyhiinvaellusmatka\/\" class=\"more-link\">...jatka lukemista<span class=\"screen-reader-text\"> \"Pyhiinvaellusmatka\"<\/span><\/a><\/p>\n","protected":false},"author":1,"featured_media":0,"parent":0,"menu_order":0,"comment_status":"closed","ping_status":"closed","template":"","meta":{"footnotes":""},"class_list":["post-315","page","type-page","status-publish","h-entry","hentry","h-as-page"],"_links":{"self":[{"href":"https:\/\/ktss.sivukierre.fi\/index.php\/wp-json\/wp\/v2\/pages\/315","targetHints":{"allow":["GET"]}}],"collection":[{"href":"https:\/\/ktss.sivukierre.fi\/index.php\/wp-json\/wp\/v2\/pages"}],"about":[{"href":"https:\/\/ktss.sivukierre.fi\/index.php\/wp-json\/wp\/v2\/types\/page"}],"author":[{"embeddable":true,"href":"https:\/\/ktss.sivukierre.fi\/index.php\/wp-json\/wp\/v2\/users\/1"}],"replies":[{"embeddable":true,"href":"https:\/\/ktss.sivukierre.fi\/index.php\/wp-json\/wp\/v2\/comments?post=315"}],"version-history":[{"count":0,"href":"https:\/\/ktss.sivukierre.fi\/index.php\/wp-json\/wp\/v2\/pages\/315\/revisions"}],"wp:attachment":[{"href":"https:\/\/ktss.sivukierre.fi\/index.php\/wp-json\/wp\/v2\/media?parent=315"}],"curies":[{"name":"wp","href":"https:\/\/api.w.org\/{rel}","templated":true}]}}