{"id":278,"date":"2017-02-14T12:17:26","date_gmt":"2017-02-14T10:17:26","guid":{"rendered":"https:\/\/ktss.sivukierre.fi\/?page_id=278"},"modified":"2017-02-14T12:17:26","modified_gmt":"2017-02-14T10:17:26","slug":"tunteeko-kukaan-lonely-rideria","status":"publish","type":"page","link":"https:\/\/ktss.sivukierre.fi\/index.php\/tunteeko-kukaan-lonely-rideria\/","title":{"rendered":"Tunteeko kukaan Lonely Rideri\u00e4?"},"content":{"rendered":"<p>Kerranpa istuskeltiin iltaa Sarviojan k\u00e4mp\u00e4ss\u00e4. L\u00e4r\u00e4n lis\u00e4ksi siell\u00e4 oli yksi pariskunta ja kaksi yksin\u00e4\u00e4n kulkevaa miest\u00e4. Sek\u00e4 nelj\u00e4 nuorempaa retkeilij\u00e4\u00e4 (jotka tekiv\u00e4t uhmakkaan heiton Pirunportin suuntaan ja tulivat h\u00e4nt\u00e4 koipien v\u00e4liss\u00e4 takaisin, mutta se onkin jo toinen tarina...) Kiertyi puhe siin\u00e4 muutamiin \"elinkautisiin\" kulkijoihin, jotka kolusivat vuodesta toiseen UKK-puiston maisemia ja jotka kiinnittiv\u00e4t muiden huomiota persoonallisilla k\u00e4mpp\u00e4kirjamerkinn\u00f6ill\u00e4\u00e4n. Ja varmaan oli my\u00f6s elinkautisia, jotka eiv\u00e4t juuri merkint\u00f6j\u00e4 harrastaneet, mutta niist\u00e4p\u00e4 ei sitten oikein tiedetty puhuakaan.<\/p>\n<p>L\u00e4r\u00e4 kertoi pitk\u00e4\u00e4n seuranneensa nimimerkki \"Lonely Riderin\" edesottamuksia k\u00e4mpp\u00e4kirjojen sivuilta, mutta ei koskaan sattuneensa nokikkain, vaikka suurinpiirtein samoja polkuja ja latuja oli vuosikausia kuljettu. Eiv\u00e4t sanoneet muutkaan h\u00e4nt\u00e4 n\u00e4hneens\u00e4. Ei sanonut my\u00f6sk\u00e4\u00e4n pienehk\u00f6, hieman jo i\u00e4kk\u00e4\u00e4mpi kulkija, joka vuorostaan kertoili juttuja hirvel\u00e4l\u00e4isest\u00e4 AK:sta (joka ansaitseekin sitten jo oman <a href=\"https:\/\/ktss.sivukierre.fi\/index.php\/kohtaus-peuraselassa\/\" target=\"_blank\">tarinansa<\/a>...) L\u00e4r\u00e4 ihmetteli \u00e4\u00e4neen Lonely:n tosipitki\u00e4 talvireissuja ja ilmeisen runsasta vapaa-aikaa. Muutkin yhtyiv\u00e4t h\u00e4mm\u00e4stelyyn, my\u00f6s mainittu pienikokoinen retkeilij\u00e4.<\/p>\n<p>Seuraavana syksyn\u00e4 kulki L\u00e4r\u00e4n reitti taas Sarviojan kautta. Lueskeli siin\u00e4 kev\u00e4isi\u00e4 merkint\u00f6j\u00e4\u00e4n k\u00e4mpp\u00e4kirjasta ja eik\u00f6s piru ollut Lonely Riderin kummallinen \"veitsenheittologo\" samalla huhtikuun p\u00e4iv\u00e4m\u00e4\u00e4r\u00e4ll\u00e4 kuin L\u00e4r\u00e4nkin raapustukset. Oli Lonely Rider laittanut merkint\u00f6jens\u00e4 loppukaneetiksi, ett\u00e4 oli L\u00e4r\u00e4 karkeasti v\u00e4\u00e4r\u00e4ss\u00e4 v\u00e4itt\u00e4ess\u00e4\u00e4n Lonely Riderille, ettei ollut Lonely Rideri\u00e4 koskaan tavannut...<\/p>\n","protected":false},"excerpt":{"rendered":"<p>Kerranpa istuskeltiin iltaa Sarviojan k\u00e4mp\u00e4ss\u00e4. L\u00e4r\u00e4n lis\u00e4ksi siell\u00e4 oli yksi pariskunta ja kaksi yksin\u00e4\u00e4n kulkevaa miest\u00e4. Sek\u00e4 nelj\u00e4 nuorempaa retkeilij\u00e4\u00e4 (jotka tekiv\u00e4t uhmakkaan heiton Pirunportin suuntaan ja tulivat h\u00e4nt\u00e4 koipien v\u00e4liss\u00e4 takaisin, mutta se onkin jo toinen tarina...) Kiertyi puhe siin\u00e4 muutamiin \"elinkautisiin\" kulkijoihin, jotka kolusivat vuodesta toiseen UKK-puiston maisemia ja jotka kiinnittiv\u00e4t muiden huomiota <a href=\"https:\/\/ktss.sivukierre.fi\/index.php\/tunteeko-kukaan-lonely-rideria\/\" class=\"more-link\">...jatka lukemista<span class=\"screen-reader-text\"> \"Tunteeko kukaan Lonely Rideri\u00e4?\"<\/span><\/a><\/p>\n","protected":false},"author":1,"featured_media":0,"parent":0,"menu_order":0,"comment_status":"closed","ping_status":"closed","template":"","meta":{"footnotes":""},"class_list":["post-278","page","type-page","status-publish","h-entry","hentry","h-as-page"],"_links":{"self":[{"href":"https:\/\/ktss.sivukierre.fi\/index.php\/wp-json\/wp\/v2\/pages\/278","targetHints":{"allow":["GET"]}}],"collection":[{"href":"https:\/\/ktss.sivukierre.fi\/index.php\/wp-json\/wp\/v2\/pages"}],"about":[{"href":"https:\/\/ktss.sivukierre.fi\/index.php\/wp-json\/wp\/v2\/types\/page"}],"author":[{"embeddable":true,"href":"https:\/\/ktss.sivukierre.fi\/index.php\/wp-json\/wp\/v2\/users\/1"}],"replies":[{"embeddable":true,"href":"https:\/\/ktss.sivukierre.fi\/index.php\/wp-json\/wp\/v2\/comments?post=278"}],"version-history":[{"count":0,"href":"https:\/\/ktss.sivukierre.fi\/index.php\/wp-json\/wp\/v2\/pages\/278\/revisions"}],"wp:attachment":[{"href":"https:\/\/ktss.sivukierre.fi\/index.php\/wp-json\/wp\/v2\/media?parent=278"}],"curies":[{"name":"wp","href":"https:\/\/api.w.org\/{rel}","templated":true}]}}