{"id":261,"date":"2017-02-14T01:13:01","date_gmt":"2017-02-13T23:13:01","guid":{"rendered":"https:\/\/ktss.sivukierre.fi\/?page_id=261"},"modified":"2017-02-14T01:13:01","modified_gmt":"2017-02-13T23:13:01","slug":"kulkijan-kaskyt-1","status":"publish","type":"page","link":"https:\/\/ktss.sivukierre.fi\/index.php\/kulkijan-kaskyt-1\/","title":{"rendered":"Kulkijan k\u00e4skyt 1"},"content":{"rendered":"<p>Sattuipa er\u00e4\u00e4n\u00e4kin elokuun loppupuolen viikkona satamaan kuin saavista monta p\u00e4iv\u00e4\u00e4 per\u00e4kk\u00e4in. Vaikka kelit eiv\u00e4t hirmu kylmi\u00e4 olleetkaan, alkoivat sitkeimm\u00e4tkin hakeutua k\u00e4mppien suojiin y\u00f6pym\u00e4\u00e4n. Luiron tuolloin uutuuttaan hohtavan kaksipuoleisen k\u00e4mp\u00e4n (t\u00e4m\u00e4n nykyisen tanssilavan edelt\u00e4j\u00e4n) my\u00f6t\u00e4 oli kulkijav\u00e4ki saanut v\u00e4hitellen opetella jaon kahteen: kuraportaaseen autiotuvan puolella ja rahoillaan retosteleviin pehme\u00e4patjaisella varaustupapuolella. L\u00e4r\u00e4 kyll\u00e4 ep\u00e4ilee, ett\u00e4 ei kyse ollut niink\u00e4\u00e4n retostelusta vaan ihan tavallisista retkeilij\u00f6ist\u00e4, jotka halusivat investoida viel\u00e4 muutaman markan saadakseen rauhallisemman y\u00f6unen tai voidakseen olla rauhassa omassa porukassa ja halusivat varmistaa sen ajoissa. Ja kukapa ei autiotupapuolen k\u00e4ytt\u00e4jist\u00e4 samaa olisi halunnut. Pieni\u00e4p\u00e4 ne varausmaksut olivat tuohon aikaan koko reissun kustannuksia ajatellen. Nyky\u00e4\u00e4n ei taideta voida sanoa samaa...<\/p>\n<p>Niin tai n\u00e4in, mutta autiotuvalle lappoi illansuussa lis\u00e4\u00e4 v\u00e4ke\u00e4 solkenaan niin ett\u00e4 alkoivat jo sein\u00e4t pullistella. Vett\u00e4 satoi. Kysyttiin siin\u00e4 sitten varaustuvan puolella majailevilta kolmelta jo i\u00e4kk\u00e4\u00e4mm\u00e4lt\u00e4 naisihmiselt\u00e4, josko painetta voisi hieman hellitt\u00e4\u00e4 varaustuvan puolelle. Varausmaksu kyll\u00e4 korvataan. Vastaus oli napakka ei. No mik\u00e4p\u00e4 siin\u00e4, oikeuksistaanhan he kiinni pitiv\u00e4t.<\/p>\n<p>Siit\u00e4 ei olisi varmaan enempi\u00e4 kehkeytynyt, mutta sattui sitten k\u00e4mp\u00e4lle raahautumaan viimeisen\u00e4 pariskunta, josta puolet oli kovassa kuumeessa. Yleis\u00f6 k\u00e4\u00e4ntyi j\u00e4lleen ik\u00e4neitien puoleen josko vaikka edes potilas olisi voinut v\u00e4ljemmill\u00e4 lavereilla y\u00f6py\u00e4. Vastaus oli j\u00e4lleen yht\u00e4 napakka ei perustelujen kera: ne k\u00e4ytt\u00e4v\u00e4t jotka maksavat. T\u00e4t\u00e4 sympatian puutetta eiv\u00e4t kaikki en\u00e4\u00e4 sulattaneet, vaan suukopuahan siit\u00e4 syntyi puolin ja toisin. Reilua peli\u00e4 ja kulkijan k\u00e4skyj\u00e4 per\u00e4\u00e4nkuulutettiin. Kalabaliikkia seurasi sivusta my\u00f6s muudan keskieurooppalainen kulkija, jolle L\u00e4r\u00e4 tilannetta parhaansa mukaan tulkkasi.<\/p>\n<p>Aikansa mustanpuhuva germaani suukopua kuunteli, mutta haki sitten halkovajasta tukevan sylen mittaisen p\u00f6llin (tuohon aikaan piti kulkijoiden ihan itse ne k\u00e4sisahalla p\u00e4tki\u00e4kin). Junttasipa p\u00f6lkyn tukevasti ulko-ovelle p\u00f6nk\u00e4ksi niin, ettei siit\u00e4 hevin ulos tultaisi. Eik\u00e4 sitten tultukaan. Ei isommalle eik\u00e4 pienemm\u00e4lle asialle. L\u00e4r\u00e4 k\u00f6nysi matkaan seuraavana aamup\u00e4iv\u00e4n\u00e4 autiotuvan puolelta viimeisten joukossa - toivottoman aamu-uninen kun on. Hiljaista oli varaustuvan puolella ja paikallaan j\u00e4kitti p\u00f6nkk\u00e4. Ohimenness\u00e4\u00e4n huikkasi L\u00e4r\u00e4 varaustuvan suuntaan, jotta l\u00e4htenyt on jo ulkomaan hirvitys. Ikkunan narahduksen ehti L\u00e4r\u00e4 viel\u00e4 kuulla kiihdytt\u00e4ess\u00e4\u00e4n kontionsa t\u00e4yteen vauhtiin kohti Lupukoita...<\/p>\n","protected":false},"excerpt":{"rendered":"<p>Sattuipa er\u00e4\u00e4n\u00e4kin elokuun loppupuolen viikkona satamaan kuin saavista monta p\u00e4iv\u00e4\u00e4 per\u00e4kk\u00e4in. Vaikka kelit eiv\u00e4t hirmu kylmi\u00e4 olleetkaan, alkoivat sitkeimm\u00e4tkin hakeutua k\u00e4mppien suojiin y\u00f6pym\u00e4\u00e4n. Luiron tuolloin uutuuttaan hohtavan kaksipuoleisen k\u00e4mp\u00e4n (t\u00e4m\u00e4n nykyisen tanssilavan edelt\u00e4j\u00e4n) my\u00f6t\u00e4 oli kulkijav\u00e4ki saanut v\u00e4hitellen opetella jaon kahteen: kuraportaaseen autiotuvan puolella ja rahoillaan retosteleviin pehme\u00e4patjaisella varaustupapuolella. L\u00e4r\u00e4 kyll\u00e4 ep\u00e4ilee, ett\u00e4 ei kyse <a href=\"https:\/\/ktss.sivukierre.fi\/index.php\/kulkijan-kaskyt-1\/\" class=\"more-link\">...jatka lukemista<span class=\"screen-reader-text\"> \"Kulkijan k\u00e4skyt 1\"<\/span><\/a><\/p>\n","protected":false},"author":1,"featured_media":0,"parent":0,"menu_order":0,"comment_status":"closed","ping_status":"closed","template":"","meta":{"footnotes":""},"class_list":["post-261","page","type-page","status-publish","h-entry","hentry","h-as-page"],"_links":{"self":[{"href":"https:\/\/ktss.sivukierre.fi\/index.php\/wp-json\/wp\/v2\/pages\/261","targetHints":{"allow":["GET"]}}],"collection":[{"href":"https:\/\/ktss.sivukierre.fi\/index.php\/wp-json\/wp\/v2\/pages"}],"about":[{"href":"https:\/\/ktss.sivukierre.fi\/index.php\/wp-json\/wp\/v2\/types\/page"}],"author":[{"embeddable":true,"href":"https:\/\/ktss.sivukierre.fi\/index.php\/wp-json\/wp\/v2\/users\/1"}],"replies":[{"embeddable":true,"href":"https:\/\/ktss.sivukierre.fi\/index.php\/wp-json\/wp\/v2\/comments?post=261"}],"version-history":[{"count":0,"href":"https:\/\/ktss.sivukierre.fi\/index.php\/wp-json\/wp\/v2\/pages\/261\/revisions"}],"wp:attachment":[{"href":"https:\/\/ktss.sivukierre.fi\/index.php\/wp-json\/wp\/v2\/media?parent=261"}],"curies":[{"name":"wp","href":"https:\/\/api.w.org\/{rel}","templated":true}]}}